l - 1050 = -11*l. What is the units digit of l?
0
Let j = -2147 + 3406. Let r = -433 + j. What is the hundreds digit of r?
8
Let q = -6 + 8. Let d = -316 + 472. Suppose -q*a = a - d. What is the units digit of a?
2
Let m = -5393 - -7147. What is the units digit of m?
4
Suppose -2*b + 326 = -2*f + 14736, -3*f + 21619 = -b. What is the hundreds digit of f?
2
Let c = 25 - 22. Suppose 0 = 3*q - 5*u - 883, c*q - 2*u - u - 885 = 0. Let x = q - 210. What is the tens digit of x?
8
Let f(h) = h + 9. Suppose 3*y + 29 = 4*p, 3*p - 5*p + 10 = 0. Let m be f(y). Suppose 2*s = -5*k + 654, -m = 5*k + 3*s - 662. What is the units digit of k?
0
Let s(n) = 5*n**2 - 7*n**2 + 5*n**2 + 2*n**2 - 6*n - 6 + 0*n**2. What is the units digit of s(9)?
5
Let j be 1278/(-14) - (38/14 - 3). Let n = -95 - j. What is the hundreds digit of (-252)/(-27)*(-78)/n - -2?
1
Let q = 874 + -872. What is the tens digit of (28*-71 + q)*(-10)/15?
2
Let b = 10 + -8. Let g be (-2*b/(-2))/((-32)/96). What is the tens digit of (-244)/(-6)*(-9)/g?
6
Let q be -269*2*(-6 + 4)/1. Let p = 1819 - q. Suppose -10*t + p = -197. What is the tens digit of t?
9
Suppose -44*c - 63 = -23*c. Let q = 7 - 10. What is the units digit of 2*(1 + c/q)?
4
Suppose 0 = -24*f - 2*f - 962. What is the hundreds digit of 74*f/(-6) + 4/6?
4
Let o(b) = -b + 11. Let y be o(7). Suppose -5*c + 346 = -y. Suppose -4*x - 3*x + c = 0. What is the units digit of x?
0
Let q(c) = 120*c - 17 - 10 - 20 + 37. What is the units digit of q(5)?
0
Let p = 670 + -382. Suppose 7*w = 1455 + p. What is the tens digit of w?
4
Let m(n) = -2*n**3 - 13*n**2 - 4*n - 28. Let t be m(-9). What is the tens digit of t*(5 + (-203)/49)?
5
Let o(p) = -233*p**2 - 4*p - 5. Let x be o(-1). Let v = x + 392. What is the hundreds digit of v?
1
Let n be (-3)/(-12) - 6303/(-4). Suppose 5*f = 3*g - n + 474, 5*f + 374 = g. Suppose -58*r + g = -56*r. What is the tens digit of r?
8
Let f = 4493 - -1179. What is the thousands digit of f?
5
Let i(u) = -3*u**3 + 5*u**2 - 2*u - 21. Suppose -3*x = 0, -2*x = c - 6*x - 9. Let z be i(c). What is the hundreds digit of 25/20 + z/(-12)?
1
Let b = 92904 + -47488. What is the ten thousands digit of b?
4
Suppose 1077063 = -176*q + 3790103. What is the hundreds digit of q?
4
Let l(q) = q**3 + 7*q**2 + 10*q + 244. What is the units digit of l(-7)?
4
Suppose 664 = 8*j - 2288. What is the tens digit of j?
6
Let s = 9606 - 7247. What is the tens digit of s?
5
Let g(f) = f**3 - 2*f**2 - f + 2. Let i be g(1). Let t be i - ((5 + -2 - 5) + 5). What is the units digit of 1492/12 - (-1)/t?
4
Suppose 31 = 5*p - o, 29 = 4*p - 3*o - 2*o. Suppose -x + 3*x - p = 0. Suppose 4*i - x*z = 50 - 3, -31 = -2*i - z. What is the tens digit of i?
1
Let i = 7920 + -1655. What is the hundreds digit of i?
2
Suppose -3*o - 3*c = 2*c + 2, o = c + 2. What is the units digit of -1 - (-7 + 11 + o*-271)?
6
Suppose 0 = -76*z + 1407364 + 1793300. What is the ten thousands digit of z?
4
Let q = -94 - 5. What is the tens digit of 2657/9 - (-22)/q?
9
Let q = 55770 + -32582. What is the hundreds digit of q?
1
Suppose -5*c = 3*z - 5626, -5*c + 1828 = 5*z - 3802. What is the tens digit of 2*(-5)/((-20)/c)?
6
Suppose 5*h + 1209 = -4*m + 293, 0 = 5*m - 3*h + 1182. Let f = m + 965. What is the hundreds digit of f?
7
Let h = 301 - 325. What is the units digit of (-25119)/(-54) + 4/h?
5
Suppose 4 = 5*m - 3*m. Suppose 2*f = -2*d + 422, 0 = -4*f + 4*d - 5*d + 841. Suppose 3*a + m*t - f = -t, -a - 2*t = -69. What is the tens digit of a?
7
Let x be 15/(-10)*186/9. Let r = x - -35. Suppose i + 2*h = -13 + 53, -40 = -i - r*h. What is the units digit of i?
0
Let q(j) = 17*j**2 - 19*j - 156. Let m be q(-52). What is the thousands digit of ((-12)/(-10))/(52/m)?
1
Let u(b) = 45*b - 175. Let s be u(4). Suppose -5*a - 5*x = -2*x - 1011, 4*a + s*x - 814 = 0. What is the tens digit of a?
0
Suppose 379*u - 2568353 = 6370628 + 3726062. What is the tens digit of u?
1
Suppose 176 = 2*r - 2*s, -s + 133 = 2*r - 43. Suppose k - r - 301 = 0. What is the hundreds digit of k?
3
Let i = -63 + 59. Let n = i + 0. What is the tens digit of (5 - -125) + n*1?
2
Let a = 579 - 335. Let t = 442 - a. What is the tens digit of t?
9
Let g = -180 - -195. Suppose g*l - 2736 = -l. What is the hundreds digit of l?
1
Let o = 50 + -45. Suppose 2*p - k + 71 = 0, -k + 0 + o = 0. Let t = p - -56. What is the units digit of t?
3
Let s(v) be the first derivative of -51*v**2/2 + 32*v - 245. What is the tens digit of s(-24)?
5
Let r be (-8)/10 - (-48)/10. Let v be 168*(r + 4/(-6)). Let p = v + -326. What is the hundreds digit of p?
2
Let u(l) = l**2 + 15*l + 17. Let f be u(-14). Suppose -a - 13 = 5*b, 2*b + 41 = 3*a - f*b. What is the tens digit of -3 - ((-53)/a + -1)*7?
5
Suppose 517630 = 32*f + 95295 - 325793. What is the units digit of f?
9
Let y(h) = -24598*h + 99. What is the hundreds digit of y(-2)?
2
Let d = 4674 + -3632. What is the hundreds digit of d?
0
Suppose 9*d - 632 = 3670. Suppose 0 = 5*h - 5*i + 3*i - 820, 3*h = 4*i + d. What is the tens digit of h?
6
Let y be (18 - 40)*(3/2)/3. What is the tens digit of 2255/y*1/(-5)?
4
Let f(i) = i**2 + 1. Let n be f(1). Let j be -3*3/(-6)*n. Suppose 0 = 6*q - j*q - 4*x - 123, 4*q - 145 = -x. What is the units digit of q?
7
Let p(f) = -919*f - 410. What is the thousands digit of p(-8)?
6
Let x(i) = -64*i + 609. What is the tens digit of x(-16)?
3
Suppose 3*x - 2*s = 3446, 5*s = -2*x + 5*x - 3449. Suppose 0 = -7*w + x - 126. Suppose 3*r - 70 = w. What is the tens digit of r?
7
Suppose -6*j - 67 = -841. Let c = j - 53. What is the units digit of c/14 - (-3)/(-7)?
5
Let b(k) = 2*k**2 - 6*k - 10. Let n be b(-2). Suppose c + 35 = n. What is the hundreds digit of (2/(-20)*-6 + c)*-5?
1
Suppose 0 = -l - 3*l - 8. Let g(m) = 59*m**2 - 3*m - 3. What is the tens digit of g(l)?
3
Let f(s) = -s**3 + 5*s**2 - 5*s + 9. Let m be f(4). Let x(j) = 1 + 4*j - 4 + 5*j - j**2 + 1. What is the tens digit of x(m)?
1
Suppose 2*d - 672 = -y, -58*y - 687 = -59*y + d. Suppose -1229 = 3*w - 4*n, -2*w - 408 = -w - n. Let k = w + y. What is the units digit of k?
9
Suppose -32 = -5*z - 3*z. Suppose -2*w - 5*v + 141 = 0, z*v + 26 = 3*w - 174. Suppose -67*m - 242 = -w*m. What is the tens digit of m?
4
Suppose 3*k + 101733 = 3*m, 129*m = 125*m - 4*k + 135708. What is the thousands digit of m?
3
Let i = -144 - -318. Let q = i - -301. What is the tens digit of q?
7
Suppose 2*g - 5 - 21 = 2*s, 3*g - 37 = 2*s. Let z(t) = 23 - t**2 + 21 + t**3 + 5*t - g - 4*t. What is the units digit of z(0)?
3
Suppose -3*d + c + 3 = 0, -6*c + 9*c = -4*d + 17. Suppose d*w - 6 = 0, 0 = -3*b + 5*b - 2*w - 796. What is the hundreds digit of b?
4
What is the hundreds digit of (-4)/(-30) - (-117)/(17550/4660180)?
0
Let m(w) = -565*w**3 - 3*w**2 - 7*w - 5. Let n be 74/(-111) + 1/(-3). What is the units digit of m(n)?
4
Let u(j) = 2*j + 23. Let y be u(-20). Let i(x) = -17*x + 71. What is the units digit of i(y)?
0
Let f = 1170 - 676. Suppose c = -5*o - 2*c + f, -379 = -4*o + 3*c. What is the units digit of o?
7
Let q(c) = 346*c**3 + 11*c**2 + 19*c - 5. What is the hundreds digit of q(4)?
3
Suppose 9*b + 29 = 83. Suppose -b*m + 405 = -81. What is the tens digit of m?
8
Let i(h) = -2*h**3 + 76*h**2 + 38*h - 47. What is the tens digit of i(28)?
9
Suppose 0 = -11*d + 109087 + 184085. What is the tens digit of d?
5
Let v(j) = 7*j**3 - 11*j**2 + 43*j - 5. What is the units digit of v(7)?
8
Let y = 3 + -3. Let l(p) = -p**3 + 38 + 0 + 35*p - 78*p + 43*p. What is the tens digit of l(y)?
3
Let q = -147 + 213. Suppose 4*i - i - q = 0. What is the units digit of i?
2
Let z(g) = 2*g + 9. Let t be z(-4). Let i = t - 11. What is the tens digit of ((-37)/(-2))/((-5)/i)?
3
Let g(u) be the first derivative of -7*u**4/4 + 10*u**3/3 - 3*u**2 + 16*u + 2. Let c(o) = -o**3 + 1. Let f(s) = -6*c(s) + g(s). What is the units digit of f(8)?
0
Let j be -4 - 0 - (-12 - 48). Suppose w - j = -2*l, w + 0*w - 2*l - 56 = 0. Suppose f - o - w = 0, -4*f - 2*o = -4*o - 218. What is the units digit of f?
3
Let l(z) = 247*z**2 + 18*z - 2. Let m be l(2). Suppose -5*x + 1120 = -4*f + 3164, 2*f - x = m. What is the hundreds digit of f?
5
Let z = -78 + 82. Let f = 22 + z. Suppose f*q = 22*q + 352. What is the tens digit of q?
8
Suppose -7*c + 13960 = -26493. What is the ten